What are the prime factors of 90351345?
3, 5, 7, 17, 1033
What are the prime factors of 455047406?
2, 11, 20683973
List the prime factors of 8487669707.
11, 31, 24890527
What are the prime factors of 1231669669?
17, 72451157
List the prime factors of 2496282380.
2, 5, 17, 7342007
List the prime factors of 41828678.
2, 20914339
What are the prime factors of 950452190?
2, 5, 95045219
List the prime factors of 13448074.
2, 6724037
What are the prime factors of 4749796064?
2, 13, 11417779
List the prime factors of 307309750.
2, 5, 11, 10159
List the prime factors of 309581881.
7, 2689, 16447
List the prime factors of 2306574508.
2, 7, 29, 127, 22367
List the prime factors of 45413186.
2, 7, 13, 47, 5309
List the prime factors of 447090449.
13, 641, 53653
List the prime factors of 781685621.
781685621
What are the prime factors of 204032407?
204032407
What are the prime factors of 47787474?
2, 3, 7, 113, 10069
List the prime factors of 18354677.
11, 269, 6203
What are the prime factors of 259983907?
17, 3109, 4919
List the prime factors of 58140391.
17, 3420023
List the prime factors of 4577028796.
2, 17, 23, 1033, 2833
What are the prime factors of 1815443915?
5, 363088783
List the prime factors of 203440182.
2, 3, 11, 19, 53, 3061
List the prime factors of 161506779.
3, 7, 571, 13469
What are the prime factors of 961430063?
11, 31, 256313
List the prime factors of 600829985.
5, 7, 281, 61091
What are the prime factors of 76660932?
2, 3, 23, 277757
What are the prime factors of 23026471?
13, 313, 5659
List the prime factors of 41163058.
2, 67, 307187
List the prime factors of 1793885435.
5, 53, 6769379
List the prime factors of 21119747.
11, 163, 11779
What are the prime factors of 832088535?
3, 5, 55472569
List the prime factors of 18227108.
2, 4556777
What are the prime factors of 1179186674?
2, 17, 137, 253153
List the prime factors of 2953680032.
2, 47, 1963883
List the prime factors of 262934666.
2, 23, 67, 85313
List the prime factors of 1089613861.
7, 17, 1249, 7331
What are the prime factors of 54676093?
2269, 24097
What are the prime factors of 110612483?
151, 732533
List the prime factors of 5858628853.
7, 11, 19, 281, 14251
List the prime factors of 98665436.
2, 31, 53, 15013
What are the prime factors of 659152605?
3, 5, 43943507
List the prime factors of 48256336.
2, 17, 31, 59, 97
What are the prime factors of 447920644?
2, 111980161
List the prime factors of 2101042539.
3, 151, 1051, 1471
List the prime factors of 191363121.
3, 727, 9749
List the prime factors of 34488486.
2, 3, 1916027
List the prime factors of 963439508.
2, 29, 286397
List the prime factors of 1483022871.
3, 11, 4993343
What are the prime factors of 82403389?
1693, 48673
What are the prime factors of 38900122?
2, 43, 199, 2273
What are the prime factors of 799459572?
2, 3, 1721, 38711
What are the prime factors of 45813382?
2, 59, 199, 1951
What are the prime factors of 187239288?
2, 3, 7801637
List the prime factors of 112453379.
112453379
List the prime factors of 136453653.
3, 7, 240659
List the prime factors of 67880455.
5, 47, 288853
List the prime factors of 1224329483.
13, 9173, 10267
What are the prime factors of 402157879?
402157879
What are the prime factors of 44836099?
7, 11, 179, 3253
List the prime factors of 2443229467.
7, 367, 461, 2063
What are the prime factors of 23066384?
2, 11, 131059
List the prime factors of 4539522016.
2, 79, 1795697
List the prime factors of 798689564.
2, 199672391
What are the prime factors of 366222336?
2, 3, 97, 1229
List the prime factors of 1970490124.
2, 492622531
What are the prime factors of 4600234560?
2, 3, 5, 4791911
List the prime factors of 3853925786.
2, 107, 157, 251, 457
What are the prime factors of 57206156?
2, 7, 17, 120181
What are the prime factors of 6176019964?
2, 17, 3847, 23609
What are the prime factors of 88636855?
5, 17727371
List the prime factors of 1221137244.
2, 3, 31, 1094209
What are the prime factors of 28150418?
2, 31, 454039
List the prime factors of 2057854107.
3, 157, 4369117
What are the prime factors of 3661484048?
2, 6029, 37957
List the prime factors of 136494003.
3, 17, 2676353
List the prime factors of 26253002.
2, 13126501
What are the prime factors of 1073013333?
3, 7, 51095873
What are the prime factors of 4400970577?
281, 2753, 5689
List the prime factors of 1420928263.
1420928263
What are the prime factors of 12382373?
127, 97499
List the prime factors of 35419806.
2, 3, 17, 115751
What are the prime factors of 95837088?
2, 3, 239, 4177
What are the prime factors of 1959055164?
2, 3, 11, 4947109
List the prime factors of 848859847.
11, 77169077
What are the prime factors of 100846613?
7, 691, 20849
List the prime factors of 39343188.
2, 3, 3278599
What are the prime factors of 798783170?
2, 5, 79878317
What are the prime factors of 28589718?
2, 3, 19, 250787
List the prime factors of 1877222214.
2, 3, 7, 67, 222367
List the prime factors of 569396096.
2, 17, 23, 31, 367
List the prime factors of 208987582.
2, 1499, 69709
List the prime factors of 101528691.
3, 11, 809, 3803
What are the prime factors of 124889854?
2, 17, 41, 89591
List the prime factors of 4671971892.
2, 3, 7, 17, 113, 3217
What are the prime factors of 64174809?
3, 21391603
What are the prime factors of 428868378?
2, 3, 311, 25537
What are the prime factors of 189615237?
3, 7, 73, 179, 691
What are the prime factors of 611940073?
6917, 88469
List the prime factors of 5620734588.
2, 3, 7, 53, 1262519
List the prime factors of 39504185.
5, 7, 1128691
List the prime factors of 966446485.
5, 61, 199, 15923
List the prime factors of 1832377200.
2, 3, 5, 109, 14009
List the prime factors of 1423838947.
151, 9429397
List the prime factors of 5362084771.
5362084771
List the prime factors of 291070044.
2, 3, 19, 83, 1709
List the prime factors of 143476039.
7, 17, 1205681
List the prime factors of 393330471.
3, 131110157
List the prime factors of 43004805.
3, 5, 59, 48593
What are the prime factors of 1663683324?
2, 3, 31, 4472267
List the prime factors of 971716363.
53, 18334271
List the prime factors of 16876901.
47, 419, 857
List the prime factors of 85490857.
85490857
List the prime factors of 116256861.
3, 7, 263621
What are the prime factors of 1106667225?
3, 5, 37, 73, 607
List the prime factors of 2813726281.
149, 269, 70201
What are the prime factors of 223066862?
2, 1583, 70457
List the prime factors of 987422449.
13, 1789, 42457
List the prime factors of 594952882.
2, 173, 1719517
What are the prime factors of 462151008?
2, 3, 11, 1801
List the prime factors of 10972386.
2, 3, 19, 32083
What are the prime factors of 903599229?
3, 13, 23, 77489
What are the prime factors of 6495606728?
2, 13, 62457757
List the prime factors of 137054086.
2, 13, 199, 26489
What are the prime factors of 92598684?
2, 3, 7716557
What are the prime factors of 34809854?
2, 223, 78049
List the prime factors of 146323615.
5, 29264723
What are the prime factors of 240011?
240011
List the prime factors of 20675701.
20675701
List the prime factors of 415183553.
415183553
What are the prime factors of 871386210?
2, 3, 5, 9682069
What are the prime factors of 47349768?
2, 3, 587, 3361
What are the prime factors of 2015557643?
11, 23, 281, 28351
List the prime factors of 296091731.
13, 103, 397, 557
List the prime factors of 71575027.
79, 906013
List the prime factors of 210804909.
3, 7, 151, 9497
What are the prime factors of 434007470?
2, 5, 13, 23, 6311
What are the prime factors of 66009186?
2, 3, 673, 5449
List the prime factors of 298452751.
298452751
List the prime factors of 4276346397.
3, 19, 1787, 41983
What are the prime factors of 44059026?
2, 3, 11, 667561
List the prime factors of 205255404.
2, 3, 19, 23, 4349
What are the prime factors of 205231981?
73, 2811397
What are the prime factors of 57962269?
349, 166081
List the prime factors of 5519135018.
2, 211, 13078519
What are the prime factors of 134449212?
2, 3, 11204101
What are the prime factors of 738153418?
2, 16231, 22739
List the prime factors of 2535541476.
2, 3, 13, 37, 33791
What are the prime factors of 2862457772?
2, 4391, 162973
What are the prime factors of 2379407330?
2, 5, 191, 1245763
List the prime factors of 3991010642.
2, 1995505321
List the prime